be the second derivative of -b**6/360 + b**5/120 - b**4/12 - b**3/6 + 3*b. Let g(s) be the second derivative of k(s). What is g(2)?
-4
Let j = -11 + 15. Let t(x) = -x + 7. Let b be t(j). Let a(c) = 3*c**2 + 11*c + 4. Let h(g) = -g**2 - 5*g - 2. Let r(q) = 2*a(q) + 5*h(q). Determine r(b).
-2
Let h(g) = -7*g**2 + 5*g - 6. Let n(a) = -24*a**2 + 15*a - 19. Let z(k) = -7*h(k) + 2*n(k). Let w(m) = m**3 + 3*m**2 + 3. Let s be w(-3). Determine z(s).
-2
Let a(c) = 7*c + 4. Let w(p) = 1. Let u(j) = a(j) - 6*w(j). Let i(o) = o + 1. Let k(y) = -6*i(y) + u(y). Determine k(5).
-3
Suppose -5*b = 5*q - 15, 3*b - 10 = -2*b - 4*q. Let c(w) = -w**3 + 2*w**2 + 2*w - 2. Give c(b).
10
Let n(p) = -p**2 - p + 1. Let w(u) be the first derivative of 2*u**3/3 - u**2/2 - 2*u + 2. Let b(c) = n(c) + w(c). Suppose -2*z - 8*z - 20 = 0. Calculate b(z).
7
Let w(s) = -s - 1. Let y(x) = -x**2 - 2*x + 5. Let k(o) = 4*w(o) + y(o). Calculate k(-3).
10
Let u(t) = 19*t**2 + 1 - 29*t**2 + t - t. Give u(-1).
-9
Let r(z) = -z - 3. Let m be r(-5). Let b(v) = v**2 + 5*v + 1. Let a be b(-6). Let l(d) = -2*d - 3*d - d**3 + 1 + 4 - m*d**2 + a*d**2. Calculate l(4).
1
Let v(m) be the second derivative of m**5/20 + m**4/3 + 2*m**3/3 - 5*m. Suppose 0 = -2*q + z - 7, 2*q - 2*z + 11 = -q. Calculate v(q).
-3
Let p(a) = a**3 - 11*a**2 + 11*a - 3. Suppose -5*i - 35 = -3*j, -3*i - 2 = -i. Calculate p(j).
7
Suppose 0 = 7*k + 23 - 2. Let h(n) = -n - n**2 - 5*n - 3 + n. Give h(k).
3
Let a be 2/(-8) + 39/12. Let i = -1 - -5. Suppose -a*f - f + o = -6, 0 = 4*f + 4*o + i. Let b(g) = 4*g**2 - g. Give b(f).
3
Let w(n) be the second derivative of n**7/2520 + n**6/720 - n**5/60 - n**4/12 + 5*n. Let f(t) be the third derivative of w(t). Calculate f(-3).
4
Let w(q) = q - 10. Let j(y) = 2*y**3 - 5*y**2 - 2*y - 3. Let m be j(3). Calculate w(m).
-10
Suppose 0 = 4*s + 5*n - 25, 2*s - n = 1 - 6. Let x(y) = -9*y + 7. Let m(f) = 4*f - 3. Let q(a) = 7*m(a) + 3*x(a). Determine q(s).
0
Let l(w) = -w**2 - 7*w - 3. Let k be (24/(-9))/((-1)/9). Suppose 0 = -3*b + u + 7 - k, 3*b - 5*u = -13. Determine l(b).
3
Let l(i) = -i**2 - 5*i + 4. Suppose -3*a = 2*a + 30. Determine l(a).
-2
Let s(u) = -4*u - 10. Let d(w) = 4*w + 9. Let q(f) = -3*d(f) - 2*s(f). What is q(5)?
-27
Let p(c) = c**3 - 7*c**2 + 5*c + 5. Suppose 4*m + 26 = 5*a, 0*m - 5 = -5*m. Determine p(a).
-1
Let b(o) be the first derivative of o**2 - 8*o - 2. Let k be b(6). Let h(w) = -2*w + 1. What is h(k)?
-7
Let q(n) = n**3 - n**2. Let d(x) = x**2 - 3. Let y be d(-3). Suppose -5*z + 9 = -y. Let t = z - 2. Calculate q(t).
0
Let h(b) = b**2 - 12*b + 25. Let n be h(10). Let d(w) = 2*w**2 - 8*w + 3. What is d(n)?
13
Let z(o) = -o - 4. Let c = -16 + 11. Determine z(c).
1
Let a(p) = -p**3 + 6*p**2 + 4. Let b be a(6). Let n(c) = -2*c + 3. Give n(b).
-5
Let c = -30 - -35. Let a(m) = -m**2 + 5*m + 3. Calculate a(c).
3
Let s = -11 + 25. Suppose -3*f - 16 = f. Let p be s/(-4)*f/7. Let q(u) = -4*u + 1. Give q(p).
-7
Let c(j) be the second derivative of j**5/20 + j**4/3 - 5*j**3/6 + 3*j**2 + 3*j. What is c(-5)?
6
Let m(w) = -5*w - 2 + 3 + 4*w. Let f(n) = -8*n + 5. Let u(x) = -f(x) + 4*m(x). Suppose 2*p - 3*a = 5, 2*p + 4*a + 1 = -1. Give u(p).
3
Let m be ((-3)/4)/(3/12). Let z(r) = r**2 + 4*r + 4. What is z(m)?
1
Let u(v) = v + 524 - 526 + 2*v**2 + 0*v. What is u(-2)?
4
Suppose 0 = -5*o - 3*k - 2 - 4, -5*o = -5*k - 10. Suppose y + 0*y - 3 = o. Let f(d) = -1 + 9*d**3 - 4*d + 0 + 4*d**2 - 10*d**3 + 4. Give f(y).
0
Suppose 2 - 11 = -3*u. Suppose -2*v = 4*h - 4 - 0, -5*h + 3*v = -16. Let d(p) = 5 - 5*p + 4*p**h + p - 2 - p**3. Give d(u).
0
Let d(q) = -2 + 0*q + 0 - 1 - q. Calculate d(-6).
3
Let m(r) = -3 - 4 + 6 + r + 0*r. Calculate m(6).
5
Let j(u) = -2*u**2 - 27 + u + 3*u**2 + 26. Let f(z) = z**3 - 4*z**2 - 4*z - 7. Let a be f(5). Determine j(a).
1
Let t(h) = -2 + h + 1 + 2. Let b be t(1). Let n(k) = 3 + k**2 + b*k**2 - 2*k**2. Calculate n(0).
3
Let t(c) = -26*c - 2 - 2*c**2 - 22*c - 1 + c**2 + 41*c. Suppose q + 2 = -o, 5*o - 20 = -0*o. What is t(q)?
3
Let x(z) be the second derivative of z**5/20 - z**4/3 - 5*z**3/6 + 2*z**2 - z. Calculate x(5).
4
Let u(n) be the second derivative of -n**3/3 + 3*n**2/2 + n. Suppose 3*p + 3 - 20 = -a, 0 = 2*p - 2*a - 6. Determine u(p).
-7
Let c be (-18)/3 - -3 - -8. Let n(a) = 2 - 5 - a**2 + 0 - c*a + 1. Let k be 18/(-4)*(-8)/(-6). What is n(k)?
-8
Let z be 2 + -1 + 2 + 2. Suppose i + 4*r = 4 - 21, -z*r = 4*i + 35. Let w(l) = l**3 + 6*l**2 + 6*l + 3. Calculate w(i).
-2
Let d = -1 + 1. Let k(m) = -10 - 11*m + 27*m - 7*m - 10*m. Determine k(d).
-10
Let j(a) = a**2 - 7*a + 6 + a - 11. Suppose -2*d + 4 = -0, -16 = -4*x + 4*d. Determine j(x).
-5
Let x(a) = 2*a. Let v(m) = -20*m. Let c(t) = 2*v(t) + 18*x(t). Give c(-2).
8
Let g(n) = -n**3 - 5*n**2 + n + 2. Let a(f) = -f + 9. Let p be a(4). Let y be p/2*(-1 + -1). Give g(y).
-3
Let a(x) be the third derivative of x**6/240 - x**4/6 + 4*x**2. Let d(j) be the second derivative of a(j). Calculate d(1).
3
Let g(z) be the second derivative of z**4/12 + 7*z**3/6 - 5*z**2/2 - 3*z. Give g(-5).
-15
Let u(z) = z**3 - 4*z**2 + 3*z - 4. Let r be (2/6)/((-8)/72). Let p(m) = -m**3 + 4*m**2 - 4*m + 5. Let o(h) = r*p(h) - 4*u(h). Determine o(3).
10
Let c(f) = -f**2 + f - 1. Let d(t) = -4*t**2 + 12*t - 1. Let v(m) = 5*c(m) - d(m). Determine v(-7).
-4
Let g(s) = s**2 + 3*s + 5. Let o be g(-5). Suppose 2*b - o = 3*b. Let c be (6/b)/(2/(-10)). Let h(v) = -3*v**2 + 4*v - 2. Determine h(c).
-6
Let k = 7 - 3. Let n(a) = 2*a - 3*a**2 - 4*a**2 + 6*a**2 + k. Determine n(3).
1
Let d(v) = -2*v - 4. Let n be (-3)/(-15) + 27/15. Suppose -6 = n*x - 0. Determine d(x).
2
Let i(q) = 2*q**2 + 6*q - 3*q - 7 - q**2. Let v be i(-5). Let h(k) = -k + v*k**2 - k**2 - k**2 + 2. Determine h(0).
2
Suppose -5*c = -5 - 0. Let z(l) = -12*l**2 + 2*l - 1. Give z(c).
-11
Let l(i) be the third derivative of i**4/24 + 7*i**3/6 + 2*i**2. Let d = 8 - 2. Let u be 1/(d/(-10))*3. What is l(u)?
2
Let w(o) be the third derivative of 3*o**6/40 - o**5/30 - o**4/24 + o**2 + 31. Determine w(-1).
-10
Let a(s) = s**3 - 2*s**2 - 2*s - 1. Let k be a(3). Suppose 2*b + 0 = k. Let f(m) = -8*m**2 + m. What is f(b)?
-7
Let s(m) = -m**3 - 2*m**2 - 4*m - 1. Let o(q) = q**2 - q + 1. Let v(j) = -2*o(j) + s(j). Calculate v(-4).
5
Let q(l) be the second derivative of l**4/12 + 7*l**3/6 + 2*l**2 - 21*l. Determine q(-6).
-2
Let t(r) be the second derivative of -r**5/20 + 7*r**4/6 + 7*r**3/3 + 7*r**2 - 3*r - 4. Calculate t(15).
-1
Let d(m) = 6*m**2 + 8*m + 8. Let u(f) = 5*f**2 + 7*f + 7. Let z(r) = 4*d(r) - 5*u(r). Calculate z(-2).
-1
Let k(u) = -u**3 + u. Let l = 23 + -24. Calculate k(l).
0
Let x(m) = m + 1. Let q be -2 + 0 - 24/(-2). Suppose 4*y - q = 2. Determine x(y).
4
Let w = -1 + 2. Let n(k) = 14*k**3 + 2*k**2 - 2*k + 1. Determine n(w).
15
Let s be 9/(-2)*(-2)/(-1). Let u(m) = -m**3 - 9*m**2 + m + 11. Let x be u(s). Suppose 20 = -x*n - 2*n. Let g(y) = y - 4. What is g(n)?
-9
Let h(m) = -4*m - 1. Suppose 0 = 4*q + 4 + 8. Calculate h(q).
11
Let h(o) = -4*o**3 + 13*o**2 - 10*o + 6. Let r(q) = -q**3 + q**2 + 1. Let l(b) = -h(b) + 5*r(b). Determine l(-9).
-10
Let u be (2/3)/(4/36). Suppose 0 = -2*h + 3*s - u - 11, 0 = -4*h + s - 9. Let f be 24/8*1*h. Let t(d) = -d**3 - d**2 + 5*d + 3. What is t(f)?
6
Let n(a) = 0 + 2 + 4*a - 2*a + 5*a**2 + a**3 - 5. Give n(-5).
-13
Suppose -2*s + 35 = 3*s. Suppose -4*g - 1 = s. Let p(c) = c**3 + 2*c**2 + 4*c + 3. What is p(g)?
-5
Let u(o) = -o**3 - o + 6. Suppose -3*r - d = 3, -4*r = d + d + 2. Let h be r*(1 - 21/6). Suppose 0*c + 4 = -h*c + 4*i, 0 = -3*c + 2*i - 2. Calculate u(c).
6
Let i(d) = -7*d**2 - 2*d + 2. Let a(v) = -19*v**2 - 6*v + 5. Let u(m) = 4*a(m) - 11*i(m). Give u(-1).
1
Let r(w) = 3*w + 0 + 2*w - 3 - w**3 - 3*w**2 + 0*w**2. Give r(-4).
-7
Let m = 11 - 15. Let s(v) = -4*v**2 - 6*v - 6. Let r(l) = -8 + l - 6*l - 3*l**2 + 3 - l. Let x(t) = -3*r(t) + 2*s(t). What is x(m)?
-5
Let r(k) = -22*k**3 - 11*k + 5. Let z(h) = 8*h - h + 15*h**3 + 2*h**2 - 2*h**2 - 3. Let p(i) = 5*r(i) + 8*z(i). What is p(-1)?
-10
Suppose 0*s = 4*s. Let w be (-4)/14 + (-4)/(-14). Let r(o) = w*o - 7 - o - o**2 + 2*o. Determine r(s).
-7
Let x(i) = -13 + 14 + 2*i + 5*i**2 - i. Determine x(-1).
5
Let h(f) = 2*f**2 - 4*f + 3. Suppose -4*k - 4*g = -0*k - 8, 4 = 2*k - 3*g. 